 remainder when 217503 is divided by 6.
3
Calculate the remainder when 8381 is divided by 1352.
269
Calculate the remainder when 5486 is divided by 4.
2
What is the remainder when 2237 is divided by 442?
27
Calculate the remainder when 8716 is divided by 8695.
21
What is the remainder when 54408 is divided by 223?
219
Calculate the remainder when 1062 is divided by 26.
22
Calculate the remainder when 60253 is divided by 372.
361
Calculate the remainder when 11153661 is divided by 94.
91
What is the remainder when 7514 is divided by 930?
74
Calculate the remainder when 54530 is divided by 5451.
20
Calculate the remainder when 765460 is divided by 47.
18
What is the remainder when 9552 is divided by 9426?
126
What is the remainder when 368714 is divided by 241?
225
Calculate the remainder when 513 is divided by 438.
75
Calculate the remainder when 589017 is divided by 94.
13
What is the remainder when 16131 is divided by 2304?
3
What is the remainder when 57114 is divided by 42?
36
Calculate the remainder when 1533 is divided by 528.
477
Calculate the remainder when 12531 is divided by 34.
19
Calculate the remainder when 3622 is divided by 101.
87
Calculate the remainder when 102 is divided by 52.
50
What is the remainder when 45095 is divided by 22545?
5
What is the remainder when 211 is divided by 22?
13
What is the remainder when 1546 is divided by 818?
728
What is the remainder when 132 is divided by 131?
1
What is the remainder when 6294 is divided by 1872?
678
Calculate the remainder when 126855 is divided by 147.
141
Calculate the remainder when 29580 is divided by 1900.
1080
What is the remainder when 70653 is divided by 384?
381
What is the remainder when 5119 is divided by 635?
39
What is the remainder when 8476 is divided by 152?
116
What is the remainder when 987453 is divided by 445?
443
Calculate the remainder when 10939 is divided by 1362.
43
Calculate the remainder when 339478 is divided by 47.
44
What is the remainder when 37886 is divided by 9470?
6
What is the remainder when 23992 is divided by 1089?
34
Calculate the remainder when 21861 is divided by 88.
37
What is the remainder when 5517 is divided by 8?
5
What is the remainder when 44054 is divided by 27?
17
What is the remainder when 240790 is divided by 13377?
4
Calculate the remainder when 429083 is divided by 424.
419
What is the remainder when 15086 is divided by 46?
44
Calculate the remainder when 3219 is divided by 462.
447
Calculate the remainder when 58365 is divided by 389.
15
What is the remainder when 2339 is divided by 386?
23
What is the remainder when 1251389 is divided by 97?
89
Calculate the remainder when 57474 is divided by 927.
0
What is the remainder when 20961 is divided by 16?
1
Calculate the remainder when 1385 is divided by 1313.
72
Calculate the remainder when 822081 is divided by 6.
3
Calculate the remainder when 8679 is divided by 40.
39
Calculate the remainder when 429 is divided by 209.
11
What is the remainder when 5962 is divided by 570?
262
Calculate the remainder when 7919 is divided by 218.
71
Calculate the remainder when 479598 is divided by 199.
8
What is the remainder when 57508 is divided by 18?
16
What is the remainder when 643 is divided by 118?
53
Calculate the remainder when 6736 is divided by 3363.
10
Calculate the remainder when 69385 is divided by 2775.
10
What is the remainder when 959647 is divided by 319878?
13
Calculate the remainder when 1899862 is divided by 1162.
1154
Calculate the remainder when 695 is divided by 344.
7
Calculate the remainder when 3938 is divided by 3931.
7
What is the remainder when 1764 is divided by 234?
126
Calculate the remainder when 49045 is divided by 249.
241
What is the remainder when 212416 is divided by 424?
416
What is the remainder when 130349 is divided by 65172?
5
What is the remainder when 19487 is divided by 12?
11
What is the remainder when 6561 is divided by 3260?
41
Calculate the remainder when 52887 is divided by 191.
171
Calculate the remainder when 17440 is divided by 1220.
360
What is the remainder when 55902 is divided by 67?
24
Calculate the remainder when 2454 is divided by 755.
189
Calculate the remainder when 270699 is divided by 100.
99
What is the remainder when 2412 is divided by 312?
228
What is the remainder when 21283 is divided by 473?
471
What is the remainder when 37727 is divided by 65?
27
What is the remainder when 7178 is divided by 62?
48
What is the remainder when 3503 is divided by 153?
137
What is the remainder when 502594 is divided by 35896?
50
What is the remainder when 2320 is divided by 1270?
1050
What is the remainder when 66079 is divided by 92?
23
Calculate the remainder when 38237 is divided by 2940.
17
Calculate the remainder when 8709 is divided by 124.
29
Calculate the remainder when 101865 is divided by 1061.
9
What is the remainder when 1385601 is divided by 491?
490
Calculate the remainder when 64592 is divided by 6458.
12
What is the remainder when 223343 is divided by 47?
46
What is the remainder when 2775 is divided by 920?
15
What is the remainder when 2898 is divided by 145?
143
Calculate the remainder when 16622 is divided by 64.
46
Calculate the remainder when 1942277 is divided by 78.
77
Calculate the remainder when 1091 is divided by 265.
31
Calculate the remainder when 5059 is divided by 750.
559
What is the remainder when 1430 is divided by 1407?
23
Calculate the remainder when 4598 is divided by 73.
72
Calculate the remainder when 4111 is divided by 294.
289
Calculate the remainder when 52307 is divided by 3269.
3
Calculate the remainder when 59178 is divided by 36.
30
What is the remainder when 260451 is divided by 874?
873
What is the remainder when 297218 is divided by 842?
834
What is the remainder when 1984 is divided by 653?
25
What is the remainder when 193907 is divided by 808?
795
What is the remainder when 42720 is divided by 10636?
176
Calculate the remainder when 13033 is divided by 373.
351
Calculate the remainder when 7022 is divided by 71.
64
What is the remainder when 21663 is divided by 238?
5
Calculate the remainder when 304770 is divided by 33862.
12
Calculate the remainder when 49777 is divided by 200.
177
Calculate the remainder when 235789 is divided by 16841.
15
What is the remainder when 339717 is divided by 152?
149
What is the remainder when 55054 is divided by 139?
10
What is the remainder when 685100 is divided by 242?
240
Calculate the remainder when 5320 is divided by 166.
8
Calculate the remainder when 4258 is divided by 237.
229
Calculate the remainder when 10287 is divided by 4343.
1601
Calculate the remainder when 21275 is divided by 141.
125
Calculate the remainder when 718924 is divided by 239638.
10
Calculate the remainder when 9065 is divided by 59.
38
What is the remainder when 30875 is divided by 386?
381
What is the remainder when 735076 is divided by 188?
184
Calculate the remainder when 21530 is divided by 5382.
2
What is the remainder when 4206 is divided by 135?
21
Calculate the remainder when 94312 is divided by 66.
64
What is the remainder when 277478 is divided by 69363?
26
Calculate the remainder when 11815 is divided by 3907.
94
Calculate the remainder when 140273 is divided by 32.
17
Calculate the remainder when 32850 is divided by 233.
230
What is the remainder when 16634 is divided by 1378?
98
Calculate the remainder when 76907 is divided by 188.
15
What is the remainder when 4924 is divided by 106?
48
Calculate the remainder when 124049 is divided by 224.
177
Calculate the remainder when 23515 is divided by 93.
79
Calculate the remainder when 62093 is divided by 58.
33
What is the remainder when 2142 is divided by 2132?
10
What is the remainder when 7453 is divided by 7?
5
Calculate the remainder when 221015 is divided by 11.
3
What is the remainder when 1366 is divided by 208?
118
Calculate the remainder when 38266 is divided by 38227.
39
Calculate the remainder when 5840 is divided by 89.
55
Calculate the remainder when 19943 is divided by 9954.
35
Calculate the remainder when 1534 is divided by 719.
96
Calculate the remainder when 559 is divided by 56.
55
What is the remainder when 454798 is divided by 120?
118
Calculate the remainder when 95162 is divided by 95151.
11
C